{"id":104,"date":"2016-06-14T10:20:51","date_gmt":"2016-06-14T10:20:51","guid":{"rendered":"http:\/\/solsticio.es\/?page_id=104"},"modified":"2017-07-24T18:05:37","modified_gmt":"2017-07-24T18:05:37","slug":"autoconsumo","status":"publish","type":"page","link":"http:\/\/solsticio.es\/index.php\/autoconsumo\/","title":{"rendered":"Instalaciones Fotovoltaicas"},"content":{"rendered":"<p style=\"text-align: justify;\"><strong>\u00bfPORQU\u00c9 USAR ENERG\u00cdA SOLAR FOTOVOLTAICA?<\/strong><\/p>\n<p style=\"text-align: justify;\">Porqu\u00e9 con la ayuda de m\u00f3dulos fotovoltaicos, podemos conseguir reducir la factura de la luz considerablemente o incluso totalmente. Adem\u00e1s es un sistema modular, podemos ir instalando paneles solares, en funci\u00f3n de las necesidades energ\u00e9ticas que tengamos en la vivienda o industria.<\/p>\n<p style=\"text-align: justify;\">En Solsticio proyectamos y ejecutamos su instalaci\u00f3n solar fotovoltaica para autoconsumo, ya sea para su hogar o su industria. Trabajamos con primeras marcas al mejor precio.<\/p>\n<p style=\"text-align: justify;\"><strong>INSTALACIONES CON CONEXI\u00d3N A RED<\/strong><\/p>\n<p style=\"text-align: justify;\">Instalaci\u00f3n sencilla para aprovechar de forma directa la energ\u00eda producida por los paneles solares. No cuenta con bater\u00edas por lo que la energ\u00eda generada debe de consumirse al momento. La eficiencia del sistema, aumentar\u00e1 de forma significativa si durante las \u00abhoras de sol\u00bb se disponen de consumos continuos. Debe contar con un sistema de vertido cero a red por seguridad y para cumplir con la normativa vigente. Los elementos de los que se compone:<\/p>\n<ul style=\"text-align: justify;\">\n<li>Paneles fotovoltaicos.<\/li>\n<li>Inversor.<\/li>\n<li>Sistema de vertido cero a red.<\/li>\n<\/ul>\n<p>&nbsp;<\/p>\n<p>Este tipo de sistemas, se puede llevar a cabo de forma modular. Para ello se pueden instalar unas pocas placas (dependiendo de la inversi\u00f3n que se quiera hacer) y comprobar al final de mes el ahorro real en la factura de la luz. Podemos repetir esta peque\u00f1a inversi\u00f3n hasta que cubramos la demanda de consumos en la vivienda y reducir al m\u00ednimo la factura.<\/p>\n<p style=\"text-align: justify;\">Muy recomendable para todo tipo de casas e industrias.<\/p>\n<p style=\"text-align: justify;\"><strong>INSTALACIONES AISLADAS<\/strong><\/p>\n<p style=\"text-align: justify;\">Este tipo de sistema est\u00e1 pensado para instalaciones a las cuales no les llega el suministro de la compa\u00f1\u00eda electrica o simplemente quiere tener cierta independencia de la red y producir su propia energ\u00eda. Este tipo de sistema cuenta con bater\u00edas para el aprovechamiento total de la energ\u00eda generada por los paneles. Los elementos de los que se compone:<\/p>\n<ul style=\"text-align: justify;\">\n<li>Paneles fotovoltaicos.<\/li>\n<li>Inversor.<\/li>\n<li>Regulador.<\/li>\n<li>Bater\u00edas.<\/li>\n<\/ul>\n<p>&nbsp;<\/p>\n<p style=\"text-align: justify;\">Otra variable que encontramos dentro de esta instalaci\u00f3n es el sistema SWAP. Este tipo de instalaci\u00f3n contando ya con bater\u00edas y a\u00f1adiendo un sistema de conmutaci\u00f3n, permite tener la red como sistema auxiliar para que en caso de no poder abastecernos con nuestro propio sistema aislado, conmutemos a la red el\u00e9ctrica y pueda cubrir al menos las necesidades b\u00e1sicas.<\/p>\n<p style=\"text-align: justify;\">A modo de ejemplo, decir que una vivienda b\u00e1sica en Espa\u00f1a, est\u00e1 en un consumo medio diario de entre 9.000Wh\/d\u00eda a 11.000Wh\/d\u00eda. Esta demanda se podr\u00eda cubrir con unos 12-15 paneles solares (dependiendo de la zona). A continuaci\u00f3n se muestra una gr\u00e1fica que relaciona consumo-producci\u00f3n con solamente 12 paneles:<\/p>\n<p style=\"text-align: justify;\"><img loading=\"lazy\" decoding=\"async\" class=\"size-full wp-image-501 aligncenter\" src=\"http:\/\/solsticio.es\/wp-content\/uploads\/2016\/06\/Gr\u00e1fica-autoconsumo.png\" alt=\"Gr\u00e1fica autoconsumo\" width=\"687\" height=\"325\" srcset=\"http:\/\/solsticio.es\/wp-content\/uploads\/2016\/06\/Gr\u00e1fica-autoconsumo.png 687w, http:\/\/solsticio.es\/wp-content\/uploads\/2016\/06\/Gr\u00e1fica-autoconsumo-300x142.png 300w\" sizes=\"(max-width: 687px) 100vw, 687px\" \/><\/p>\n<p style=\"text-align: justify;\">Muy recomendable para casas rurales.<\/p>\n<p style=\"text-align: justify;\"><strong>BOMBEO SOLAR DIRECTO<br \/>\n<\/strong><\/p>\n<p style=\"text-align: justify;\">Aplicaci\u00f3n muy extendida en la comunidad de regantes. Un bombeo solar directo sale 3 veces m\u00e1s econ\u00f3mico frente a un grupo electr\u00f3geno funcionando durante las horas de riego, debido al elevado coste del carburante. En la mayor\u00eda de ocasiones la red el\u00e9crica no llega a la zona, por lo que la compa\u00f1\u00eda distribuidora obliga al propietario del terreno a pagar los costes de una l\u00ednea completa. As\u00ed pues, con la suma de todos estos costes, realizar una instalaci\u00f3n solar es la mejor opci\u00f3n.<\/p>\n<p style=\"text-align: justify;\">Adem\u00e1s, es un sistema flexible. Podemos implementarlo en bombeos ya existentes o en nuevas instalaciones. Si ya dispone de una bomba convencional de energ\u00eda alterna, dicha bomba se puede aprovechar utilizando un inversor de corriente que transforme la energ\u00eda cc obtenida del sol en ca usada por la bomba. Si por el contrario esta pensando en dimensionar de cero este tipo de sistema, existen en el mercado bombas en cc especiales pensadas para este tipo de uso (son m\u00e1s eficientes que las de corriente alterna en este tipo de aplicaciones).<\/p>\n<p style=\"text-align: justify;\">Tramitamos todas las ayudas y subvenciones disponibles.<\/p>\n<p style=\"text-align: justify;\"><strong>P\u00eddanos presupuesto sin ning\u00fan tipo de compromiso<\/strong>.<\/p>","protected":false},"excerpt":{"rendered":"<p>\u00bfPORQU\u00c9 USAR ENERG\u00cdA SOLAR FOTOVOLTAICA? Porqu\u00e9 con la ayuda de m\u00f3dulos fotovoltaicos, podemos conseguir reducir la factura de la luz considerablemente o incluso totalmente. Adem\u00e1s es un sistema modular, podemos ir instalando paneles solares, en funci\u00f3n de las necesidades energ\u00e9ticas que tengamos en la vivienda o industria. En Solsticio proyectamos y ejecutamos su instalaci\u00f3n solar&hellip;<\/p>\n<p class=\"more-link\"><a href=\"http:\/\/solsticio.es\/index.php\/autoconsumo\/\" class=\"themebutton\">Read More<\/a><\/p>\n","protected":false},"author":1,"featured_media":0,"parent":0,"menu_order":0,"comment_status":"closed","ping_status":"closed","template":"","meta":{"footnotes":""},"yoast_head":"<!-- This site is optimized with the Yoast SEO plugin v23.5 - https:\/\/yoast.com\/wordpress\/plugins\/seo\/ -->\n<title>Instalaciones Fotovoltaicas - Solsticio Energ&iacute;as Renovables<\/title>\n<meta name=\"robots\" content=\"index, follow, max-snippet:-1, max-image-preview:large, max-video-preview:-1\" \/>\n<link rel=\"canonical\" href=\"http:\/\/solsticio.es\/index.php\/autoconsumo\/\" \/>\n<meta property=\"og:locale\" content=\"es_ES\" \/>\n<meta property=\"og:type\" content=\"article\" \/>\n<meta property=\"og:title\" content=\"Instalaciones Fotovoltaicas - Solsticio Energ&iacute;as Renovables\" \/>\n<meta property=\"og:description\" content=\"\u00bfPORQU\u00c9 USAR ENERG\u00cdA SOLAR FOTOVOLTAICA? Porqu\u00e9 con la ayuda de m\u00f3dulos fotovoltaicos, podemos conseguir reducir la factura de la luz considerablemente o incluso totalmente. Adem\u00e1s es un sistema modular, podemos ir instalando paneles solares, en funci\u00f3n de las necesidades energ\u00e9ticas que tengamos en la vivienda o industria. En Solsticio proyectamos y ejecutamos su instalaci\u00f3n solar&hellip;Read More\" \/>\n<meta property=\"og:url\" content=\"http:\/\/solsticio.es\/index.php\/autoconsumo\/\" \/>\n<meta property=\"og:site_name\" content=\"Solsticio Energ&iacute;as Renovables\" \/>\n<meta property=\"article:modified_time\" content=\"2017-07-24T18:05:37+00:00\" \/>\n<meta property=\"og:image\" content=\"http:\/\/solsticio.es\/wp-content\/uploads\/2016\/06\/Captura.jpg\" \/>\n<meta name=\"twitter:card\" content=\"summary_large_image\" \/>\n<meta name=\"twitter:label1\" content=\"Tiempo de lectura\" \/>\n\t<meta name=\"twitter:data1\" content=\"5 minutos\" \/>\n<script type=\"application\/ld+json\" class=\"yoast-schema-graph\">{\"@context\":\"https:\/\/schema.org\",\"@graph\":[{\"@type\":\"WebPage\",\"@id\":\"http:\/\/solsticio.es\/index.php\/autoconsumo\/\",\"url\":\"http:\/\/solsticio.es\/index.php\/autoconsumo\/\",\"name\":\"Instalaciones Fotovoltaicas - Solsticio Energ&iacute;as Renovables\",\"isPartOf\":{\"@id\":\"http:\/\/solsticio.es\/#website\"},\"primaryImageOfPage\":{\"@id\":\"http:\/\/solsticio.es\/index.php\/autoconsumo\/#primaryimage\"},\"image\":{\"@id\":\"http:\/\/solsticio.es\/index.php\/autoconsumo\/#primaryimage\"},\"thumbnailUrl\":\"http:\/\/solsticio.es\/wp-content\/uploads\/2016\/06\/Captura.jpg\",\"datePublished\":\"2016-06-14T10:20:51+00:00\",\"dateModified\":\"2017-07-24T18:05:37+00:00\",\"breadcrumb\":{\"@id\":\"http:\/\/solsticio.es\/index.php\/autoconsumo\/#breadcrumb\"},\"inLanguage\":\"es\",\"potentialAction\":[{\"@type\":\"ReadAction\",\"target\":[\"http:\/\/solsticio.es\/index.php\/autoconsumo\/\"]}]},{\"@type\":\"ImageObject\",\"inLanguage\":\"es\",\"@id\":\"http:\/\/solsticio.es\/index.php\/autoconsumo\/#primaryimage\",\"url\":\"http:\/\/solsticio.es\/wp-content\/uploads\/2016\/06\/Captura.jpg\",\"contentUrl\":\"http:\/\/solsticio.es\/wp-content\/uploads\/2016\/06\/Captura.jpg\",\"width\":676,\"height\":288},{\"@type\":\"BreadcrumbList\",\"@id\":\"http:\/\/solsticio.es\/index.php\/autoconsumo\/#breadcrumb\",\"itemListElement\":[{\"@type\":\"ListItem\",\"position\":1,\"name\":\"Portada\",\"item\":\"http:\/\/solsticio.es\/\"},{\"@type\":\"ListItem\",\"position\":2,\"name\":\"Instalaciones Fotovoltaicas\"}]},{\"@type\":\"WebSite\",\"@id\":\"http:\/\/solsticio.es\/#website\",\"url\":\"http:\/\/solsticio.es\/\",\"name\":\"Solsticio Energ&iacute;as Renovables\",\"description\":\"\",\"publisher\":{\"@id\":\"http:\/\/solsticio.es\/#organization\"},\"potentialAction\":[{\"@type\":\"SearchAction\",\"target\":{\"@type\":\"EntryPoint\",\"urlTemplate\":\"http:\/\/solsticio.es\/?s={search_term_string}\"},\"query-input\":{\"@type\":\"PropertyValueSpecification\",\"valueRequired\":true,\"valueName\":\"search_term_string\"}}],\"inLanguage\":\"es\"},{\"@type\":\"Organization\",\"@id\":\"http:\/\/solsticio.es\/#organization\",\"name\":\"Solsticio Energ\u00edas Renovables\",\"url\":\"http:\/\/solsticio.es\/\",\"logo\":{\"@type\":\"ImageObject\",\"inLanguage\":\"es\",\"@id\":\"http:\/\/solsticio.es\/#\/schema\/logo\/image\/\",\"url\":\"http:\/\/solsticio.es\/wp-content\/uploads\/2016\/12\/cropped-LOGO-SOLSTICIO.png\",\"contentUrl\":\"http:\/\/solsticio.es\/wp-content\/uploads\/2016\/12\/cropped-LOGO-SOLSTICIO.png\",\"width\":160,\"height\":45,\"caption\":\"Solsticio Energ\u00edas Renovables\"},\"image\":{\"@id\":\"http:\/\/solsticio.es\/#\/schema\/logo\/image\/\"}}]}<\/script>\n<!-- \/ Yoast SEO plugin. -->","yoast_head_json":{"title":"Instalaciones Fotovoltaicas - Solsticio Energ&iacute;as Renovables","robots":{"index":"index","follow":"follow","max-snippet":"max-snippet:-1","max-image-preview":"max-image-preview:large","max-video-preview":"max-video-preview:-1"},"canonical":"http:\/\/solsticio.es\/index.php\/autoconsumo\/","og_locale":"es_ES","og_type":"article","og_title":"Instalaciones Fotovoltaicas - Solsticio Energ&iacute;as Renovables","og_description":"\u00bfPORQU\u00c9 USAR ENERG\u00cdA SOLAR FOTOVOLTAICA? Porqu\u00e9 con la ayuda de m\u00f3dulos fotovoltaicos, podemos conseguir reducir la factura de la luz considerablemente o incluso totalmente. Adem\u00e1s es un sistema modular, podemos ir instalando paneles solares, en funci\u00f3n de las necesidades energ\u00e9ticas que tengamos en la vivienda o industria. En Solsticio proyectamos y ejecutamos su instalaci\u00f3n solar&hellip;Read More","og_url":"http:\/\/solsticio.es\/index.php\/autoconsumo\/","og_site_name":"Solsticio Energ&iacute;as Renovables","article_modified_time":"2017-07-24T18:05:37+00:00","og_image":[{"url":"http:\/\/solsticio.es\/wp-content\/uploads\/2016\/06\/Captura.jpg"}],"twitter_card":"summary_large_image","twitter_misc":{"Tiempo de lectura":"5 minutos"},"schema":{"@context":"https:\/\/schema.org","@graph":[{"@type":"WebPage","@id":"http:\/\/solsticio.es\/index.php\/autoconsumo\/","url":"http:\/\/solsticio.es\/index.php\/autoconsumo\/","name":"Instalaciones Fotovoltaicas - Solsticio Energ&iacute;as Renovables","isPartOf":{"@id":"http:\/\/solsticio.es\/#website"},"primaryImageOfPage":{"@id":"http:\/\/solsticio.es\/index.php\/autoconsumo\/#primaryimage"},"image":{"@id":"http:\/\/solsticio.es\/index.php\/autoconsumo\/#primaryimage"},"thumbnailUrl":"http:\/\/solsticio.es\/wp-content\/uploads\/2016\/06\/Captura.jpg","datePublished":"2016-06-14T10:20:51+00:00","dateModified":"2017-07-24T18:05:37+00:00","breadcrumb":{"@id":"http:\/\/solsticio.es\/index.php\/autoconsumo\/#breadcrumb"},"inLanguage":"es","potentialAction":[{"@type":"ReadAction","target":["http:\/\/solsticio.es\/index.php\/autoconsumo\/"]}]},{"@type":"ImageObject","inLanguage":"es","@id":"http:\/\/solsticio.es\/index.php\/autoconsumo\/#primaryimage","url":"http:\/\/solsticio.es\/wp-content\/uploads\/2016\/06\/Captura.jpg","contentUrl":"http:\/\/solsticio.es\/wp-content\/uploads\/2016\/06\/Captura.jpg","width":676,"height":288},{"@type":"BreadcrumbList","@id":"http:\/\/solsticio.es\/index.php\/autoconsumo\/#breadcrumb","itemListElement":[{"@type":"ListItem","position":1,"name":"Portada","item":"http:\/\/solsticio.es\/"},{"@type":"ListItem","position":2,"name":"Instalaciones Fotovoltaicas"}]},{"@type":"WebSite","@id":"http:\/\/solsticio.es\/#website","url":"http:\/\/solsticio.es\/","name":"Solsticio Energ&iacute;as Renovables","description":"","publisher":{"@id":"http:\/\/solsticio.es\/#organization"},"potentialAction":[{"@type":"SearchAction","target":{"@type":"EntryPoint","urlTemplate":"http:\/\/solsticio.es\/?s={search_term_string}"},"query-input":{"@type":"PropertyValueSpecification","valueRequired":true,"valueName":"search_term_string"}}],"inLanguage":"es"},{"@type":"Organization","@id":"http:\/\/solsticio.es\/#organization","name":"Solsticio Energ\u00edas Renovables","url":"http:\/\/solsticio.es\/","logo":{"@type":"ImageObject","inLanguage":"es","@id":"http:\/\/solsticio.es\/#\/schema\/logo\/image\/","url":"http:\/\/solsticio.es\/wp-content\/uploads\/2016\/12\/cropped-LOGO-SOLSTICIO.png","contentUrl":"http:\/\/solsticio.es\/wp-content\/uploads\/2016\/12\/cropped-LOGO-SOLSTICIO.png","width":160,"height":45,"caption":"Solsticio Energ\u00edas Renovables"},"image":{"@id":"http:\/\/solsticio.es\/#\/schema\/logo\/image\/"}}]}},"_links":{"self":[{"href":"http:\/\/solsticio.es\/index.php\/wp-json\/wp\/v2\/pages\/104"}],"collection":[{"href":"http:\/\/solsticio.es\/index.php\/wp-json\/wp\/v2\/pages"}],"about":[{"href":"http:\/\/solsticio.es\/index.php\/wp-json\/wp\/v2\/types\/page"}],"author":[{"embeddable":true,"href":"http:\/\/solsticio.es\/index.php\/wp-json\/wp\/v2\/users\/1"}],"replies":[{"embeddable":true,"href":"http:\/\/solsticio.es\/index.php\/wp-json\/wp\/v2\/comments?post=104"}],"version-history":[{"count":38,"href":"http:\/\/solsticio.es\/index.php\/wp-json\/wp\/v2\/pages\/104\/revisions"}],"predecessor-version":[{"id":588,"href":"http:\/\/solsticio.es\/index.php\/wp-json\/wp\/v2\/pages\/104\/revisions\/588"}],"wp:attachment":[{"href":"http:\/\/solsticio.es\/index.php\/wp-json\/wp\/v2\/media?parent=104"}],"curies":[{"name":"wp","href":"https:\/\/api.w.org\/{rel}","templated":true}]}}